{"id":367,"date":"2017-11-16T20:14:03","date_gmt":"2017-11-16T20:14:03","guid":{"rendered":"http:\/\/samenkorn.org\/blog\/?page_id=367"},"modified":"2018-01-26T14:33:11","modified_gmt":"2018-01-26T13:33:11","slug":"impressum","status":"publish","type":"page","link":"https:\/\/samenkorn.org\/blog\/impressum\/","title":{"rendered":"Impressum"},"content":{"rendered":"<p><strong>Domaininhaber<\/strong><br \/>\nSamenkorn e.V.<br \/>\nSt. Niclaser Hauptstra\u00dfe 82<br \/>\n08132 M\u00fclsen<\/p>\n<p>Vertretungsberechtigter Vorstand: Kathleen Wild, Christian Ullmann<br \/>\nRegistergericht: Amtsgericht Chemnitz<br \/>\nRegisternummer: VR 71610<\/p>\n<p>Inhaltlich Verantwortlicher gem\u00e4\u00df \u00a7 10 Absatz 3 MDStV: Frank Reuter<\/p>\n<p><strong>Urheberrecht<\/strong><br \/>\nDer Inhalt dieser Website ist urheberrechtlich gesch\u00fctzt. Alle Rechte, auch die der \u00dcbersetzung, des Nachdrucks und der Vervielf\u00e4ltigung des Inhalts oder Teilen daraus, sind vorbehalten. Ohne schriftliche Genehmigung seitens des Autors darf der Inhalt dieser Seite in keiner Form (Fotokopie, Mikrofilm oder einem anderen Verfahren) reproduziert oder unter Verwendung elektronischer Systeme verarbeitet, vervielf\u00e4ltigt oder verbreitet werden. Ausgenommen davon ist &#8211; vorausgesetzt, es wird keine \u00c4nderung am Inhalt der Website vorgenommen &#8211; die Verwendung des Inhalts zu pers\u00f6nlichen und nicht kommerziellen Zwecken. Diese Erlaubnis endet, wenn gegen die oben genannten Bedingungen verstossen wird.<\/p>\n<p><strong>Haftung<\/strong><br \/>\nObwohl bei der Zusammenstellung der auf diesen Webseiten enthaltenen Informationen gr\u00f6sste Sorgfalt angewandt wurde, kann der Autor nicht f\u00fcr deren Korrektheit garantieren. Die enthaltenen Angaben k\u00f6nnen ohne vorherige Ank\u00fcndigung ge\u00e4ndert werden. Der Autor geht damit keinerlei Verpflichtungen ein. Nicht ausdr\u00fccklich in diesen Bedingungen zugestandene Anspr\u00fcche, insbesondere Schadensersatzanspr\u00fcche wegen Schlechterf\u00fcllung, Nichterf\u00fcllung, aus Unm\u00f6glichkeit, Verzug, Verletzung von vertraglichen Nebenpflichten, Verschulden bei Vertragsabschluss, unerlaubter Handlung oder aus sonstigen Rechtsgr\u00fcnden &#8211; auch soweit solche Anspr\u00fcche nicht ausdr\u00fccklich im Zusammenhang mit Gew\u00e4hrleistungsrechten des Nutzers stehen &#8211; sind ausgeschlossen, soweit nicht der Autor gegen wesentliche Pflichten (Kardinalpflichten) aus dem eventuellen Vertragsverh\u00e4ltnis verst\u00f6sst oder solche Anspr\u00fcche auf vors\u00e4tzlichem oder grob fahrl\u00e4ssigem Verhalten des Autors beruhen.<br \/>\nDer Autor haftet nicht f\u00fcr technische Ausf\u00e4lle sowie f\u00fcr Ausf\u00e4lle, die au\u00dferhalb seines Einflussbereiches liegen. Der Autor ist dankbar f\u00fcr jeden korrekten Hinweis, der zur Abwendung von Schaden beitr\u00e4gt und wird, sofern es in seinem Einflussbereich liegt, die Ursache daf\u00fcr beheben.<\/p>\n<p><strong>Links<\/strong><br \/>\nDas Landgericht Hamburg hat mit Urteil vom 12.05.1998 entschieden, dass man durch die Ausbringung eines Links die Inhalte der gelinkten Seite gegebenenfalls mit zu verantworten hat. Dies kann, so das LG, nur dadurch verhindert werden, dass man sich ausdr\u00fccklich von diesen Inhalten distanziert. Wir haben auf unseren Seiten Links zu anderen Seiten im Internet gelegt. F\u00fcr all diese Links gilt: Der &#8222;Samenkorn e.V.&#8220; m\u00f6chte ausdr\u00fccklich betonen, dass sie keinerlei Einfluss auf die Gestaltung und die Inhalte der gelinkten Seiten hat. Deshalb distanziert sie sich hiermit ausdr\u00fccklich von allen Inhalten aller gelinkten Seiten auf dieser gesamten Website inklusive aller Unterseiten. Diese Erkl\u00e4rung gilt f\u00fcr alle auf diesen Seiten ausgebrachten Links und f\u00fcr alle Inhalte der Seiten, zu denen Links oder Banner f\u00fchren!<\/p>\n","protected":false},"excerpt":{"rendered":"<p>Domaininhaber Samenkorn e.V. St. Niclaser Hauptstra\u00dfe 82 08132 M\u00fclsen Vertretungsberechtigter Vorstand: Kathleen Wild, Christian Ullmann Registergericht: Amtsgericht Chemnitz Registernummer: VR 71610 Inhaltlich Verantwortlicher gem\u00e4\u00df \u00a7 10 Absatz 3 MDStV: Frank Reuter Urheberrecht Der Inhalt dieser Website ist urheberrechtlich gesch\u00fctzt. Alle Rechte, auch die der \u00dcbersetzung, des Nachdrucks und der Vervielf\u00e4ltigung des Inhalts oder Teilen daraus, [&hellip;]<\/p>\n","protected":false},"author":2,"featured_media":0,"parent":0,"menu_order":5,"comment_status":"closed","ping_status":"closed","template":"","meta":{"footnotes":""},"class_list":["post-367","page","type-page","status-publish","hentry"],"_links":{"self":[{"href":"https:\/\/samenkorn.org\/blog\/wp-json\/wp\/v2\/pages\/367","targetHints":{"allow":["GET"]}}],"collection":[{"href":"https:\/\/samenkorn.org\/blog\/wp-json\/wp\/v2\/pages"}],"about":[{"href":"https:\/\/samenkorn.org\/blog\/wp-json\/wp\/v2\/types\/page"}],"author":[{"embeddable":true,"href":"https:\/\/samenkorn.org\/blog\/wp-json\/wp\/v2\/users\/2"}],"replies":[{"embeddable":true,"href":"https:\/\/samenkorn.org\/blog\/wp-json\/wp\/v2\/comments?post=367"}],"version-history":[{"count":3,"href":"https:\/\/samenkorn.org\/blog\/wp-json\/wp\/v2\/pages\/367\/revisions"}],"predecessor-version":[{"id":459,"href":"https:\/\/samenkorn.org\/blog\/wp-json\/wp\/v2\/pages\/367\/revisions\/459"}],"wp:attachment":[{"href":"https:\/\/samenkorn.org\/blog\/wp-json\/wp\/v2\/media?parent=367"}],"curies":[{"name":"wp","href":"https:\/\/api.w.org\/{rel}","templated":true}]}}